 - 5345 - 110 = 0, 2730 = h + 2*f. Calculate the highest common divisor of 510 and h.
170
Let d(m) = -40*m**2 + 560*m + 44. Let z be d(13). What is the highest common divisor of 60 and z?
12
Let h(s) = -7*s**2 + 156*s - 42. Suppose 9*w + 375 = 573. Let l be h(w). What is the greatest common factor of 38 and l?
2
Let k = 10785 - 10777. Calculate the highest common factor of k and 124.
4
Suppose -3*i + 175 = -2*p, -3*p = -0*i + i - 51. Suppose 4*d = d - i. Let t = d - -24. What is the greatest common divisor of 45 and t?
5
Suppose 32*i + 17 = 1782 + 1563. What is the greatest common factor of i and 40?
8
Let n = -27 + 30. Let h be (n/((-18)/20))/(6/(-9)). Suppose g = -4*g + h. What is the highest common factor of 7 and g?
1
Let z = 77 - 21. Suppose 2*h + 172 = 4*n, -n - 168*h + 172*h = -64. What is the highest common factor of n and z?
8
Let w(f) = 75*f**2 - 190*f - 23. Let c be w(12). Calculate the greatest common factor of 29 and c.
29
Let c = 1188 + -484. Suppose q + c = f + f, -4*q - 1056 = -3*f. Calculate the highest common factor of 22 and f.
22
Let v be (-2 - 0) + -39 + 81 + 310. What is the highest common divisor of v and 1190?
70
Let m = 2608 + -2498. What is the highest common divisor of m and 1034?
22
Suppose -4*r - b + 181 + 127 = 0, -5*b - 20 = 0. Suppose -258 = -3*y - r. Let z be (-82)/(-6) + 20/y. What is the highest common divisor of 35 and z?
7
Let o(v) = 279*v + 33. Let d be o(1). What is the greatest common factor of 247 and d?
13
Let u be (-870)/(-87) + -2*1. Calculate the highest common divisor of 30 and u.
2
Let j be (-1)/(-3) - 99/(-27). Let c be j*6*(-8)/(-16). Let w = c + 27. What is the highest common factor of 13 and w?
13
Let h(n) = -4*n**3 - 5 + 6*n + 0*n + n**3. Let s be h(3). Let t = s - -80. What is the greatest common factor of t and 60?
12
Suppose -88*g = -91*g + 288. What is the highest common divisor of 2656 and g?
32
Suppose -3*i + 5327 + 6253 = 12*i. Calculate the highest common factor of i and 4.
4
Suppose 0 = 65*b - 187*b + 674904. What is the greatest common factor of 48 and b?
12
Suppose -123 = -2*a - v, a + 28*v - 75 = 23*v. Calculate the greatest common divisor of 2820 and a.
60
Suppose 0 = 2*b - 0*b - 54. Let i = 139743 + -139662. What is the greatest common divisor of i and b?
27
Let u(l) = -6*l**2 + 41*l + 4. Let x be u(7). Let z be (x/3)/((-1)/(-63)*-1). Calculate the greatest common divisor of 28 and z.
7
Let q(t) = 1789*t - 6270. Let x be q(5). What is the greatest common factor of x and 75?
25
Let q(z) = 74*z - 12. Let w be q(-3). Let h = -210 - w. Calculate the highest common divisor of h and 16.
8
Let l = 138 + -135. Let c be l/(-2)*20/(-15). Calculate the highest common divisor of 1 and c.
1
Let y be (0 + -3)*(-4 + 1 - -1). Suppose -v - 128 = v. Let a be v/y*(1 - 3 - 4). What is the greatest common divisor of 8 and a?
8
Let t(n) = -2*n**2 + 123*n + 120. Let a be t(54). What is the highest common divisor of 120 and a?
30
Suppose -2*z - 4*x + 0*x = -262, 5*z + 2*x = 631. Let c be ((-16)/3)/(16/(-24)) - 3. What is the highest common divisor of z and c?
5
Let q = 27 - 21. Let j be (q/(-4))/((-4)/24). Let t = -1459 - -1504. Calculate the greatest common divisor of j and t.
9
Let t = 1140 + -868. Let r be (-2)/(-6) - (-850)/51. What is the highest common factor of r and t?
17
Let r = 196 + -91. Suppose 0 = -b - b + 2*v + 20, -8 = -2*b - 4*v. Suppose b*q = 4 + 164. Calculate the highest common divisor of q and r.
21
Suppose 0 = -8*g + 283 - 3035. Let w = g + 470. Calculate the highest common factor of w and 18.
18
Let l = 122 + -117. Suppose 2*v + 291 + 340 = 5*h, -l*h + 5*v + 640 = 0. What is the greatest common factor of h and 225?
25
Let u(m) = 19*m + 100. Let y be u(-5). Suppose 0 = -y*c + 11 + 134. Calculate the highest common divisor of c and 319.
29
Let k be -72*308/(-165)*(-170)/(-4). Suppose -73*n + 59*n = -k. What is the greatest common factor of n and 24?
24
Let x = 4550 - 2688. What is the highest common factor of x and 38?
38
Suppose 3*x - 4 - 5 = 0. Let d(h) = 21 + 8*h**2 - 31 + 0*h**x - 2*h**2 + 3*h - h**3. Let p be d(5). What is the greatest common factor of 45 and p?
15
Suppose 30 = 12*x - 6*x. Let n be 75/x*(-35)/(-21). Calculate the highest common divisor of n and 25.
25
Let b be (-5)/(140/(-126)) + 6/(-4). Suppose d - 3 = 0, 3*d + 2*d - 114 = -3*l. Calculate the greatest common divisor of b and l.
3
Suppose 123*k = -97*k + 3466320. What is the highest common divisor of 312 and k?
156
Let x(t) = t**2 - 4*t - 143. Let q be x(15). Calculate the highest common factor of q and 21626.
22
Let q(c) = 3*c**2 - 99*c - 58. Let u be q(34). Let x = -68 - -101. Calculate the highest common factor of x and u.
11
Let a(v) be the third derivative of v**6/120 - v**5/6 + v**4/12 + 23*v**3/2 - 279*v**2. Let h be a(9). Calculate the greatest common divisor of h and 9.
3
Suppose 3*n + 4*h + 6 = 0, -5*h - 20 - 5 = -5*n. Suppose -n*g = 4*c + c - 241, 2*g = -3*c + 147. Calculate the highest common divisor of c and 94.
47
Let n(j) = 57*j + 518. Let p be n(37). What is the highest common divisor of p and 111?
37
Let c be 386 - (1 - (3 - 1)). Let f = 496 + -262. Suppose -227*w = -f*w + 301. What is the greatest common factor of w and c?
43
Suppose 30*m + 35*m + 119 = 72*m. Let n(c) = c**3 + 6*c**2 - 7*c - 8. Let h be n(-6). Suppose 3*y = 4*y - h. What is the highest common factor of m and y?
17
Let n be (7840/(-700))/((-2)/20)*6/8. Calculate the highest common divisor of 44 and n.
4
Let i(v) = 8*v**2 - 3*v + 2. Suppose -5*f = -22 + 32. Let u be i(f). Calculate the greatest common divisor of u and 5.
5
Suppose 3*v = 9*s - 11*s + 843, -5*v = -s + 389. Calculate the highest common factor of s and 6026.
46
Let o(v) = v**3 - 3*v**2 - 7*v + 1. Let f be o(7). Let a = -273 + f. Let m = a - -189. Calculate the greatest common divisor of m and 160.
32
Let u(m) = 4*m**2 - 15*m - 25. Let o be u(-2). Suppose o*g - 30*g = -108. What is the highest common factor of 28 and g?
4
Let l(j) = 4*j**2 - 17*j - 26. Let q be l(-9). Suppose 6*i - q = 473. Let v be (-84)/(-18)*(-9)/(-3). What is the highest common factor of i and v?
14
Suppose 0 = -50*y - 657 + 3957. Let x = -4 + -1. Let j be (22/x)/((-2)/10). Calculate the greatest common factor of j and y.
22
Let v be 11/(-55) + (-156)/(-5). Suppose v + 18 = x - s, 4*x - 200 = 2*s. Let j(n) = n**2 + 15. Let b be j(6). What is the greatest common divisor of b and x?
51
Suppose 7*y - 17 = -4*m + 4*y, y = -m + 5. Suppose 7*p + 3*t - 55 = 2*p, -m*p + 48 = -4*t. What is the greatest common divisor of p and 350?
14
Let r(a) = a**3 - 8*a**2 + 23*a - 42. Let n be r(7). What is the greatest common divisor of n and 130?
10
Let m = -78 + 262. Let o = m - 106. Suppose -3*i + o = -3*t, 3*i - 2*i + 2*t = 32. Calculate the highest common factor of 4 and i.
4
Let f(b) = -b**2 - 17*b + 93. Let c be f(-20). What is the highest common divisor of c and 209?
11
Let j(s) = -s**3 + 16*s**2 - s - 8. Let l(k) = -k**3 - 8*k**2 - 6*k - 44. Let t be l(-8). Let p be j(t). Calculate the greatest common factor of p and 10.
10
Let b(c) = 53*c - 1. Let s be b(1). Suppose -3*w + 15*a - 20*a + 205 = 0, -w = -3*a - 59. Calculate the greatest common divisor of w and s.
13
Suppose -66 = -2*j + w, -5*w + 180 = 4*j + j. Let y = j - -19. Let m = -41 + y. Calculate the greatest common factor of m and 30.
6
Let u(t) = 156*t - 2*t**3 + 2*t**2 + 142*t - 7 - 316*t + 18 - 9*t**2. Let o be u(-5). What is the greatest common divisor of o and 11?
11
Let h = 236 - 214. Let t be 6 - (6 - 3 - 139)*4. What is the greatest common divisor of t and h?
22
Let w = -181 + 189. Suppose 1077 = w*m - 435. Calculate the greatest common divisor of m and 54.
27
Let i be -1 - (-272)/(-3) - (-38)/57. Let s = -65 - i. Calculate the greatest common factor of s and 4.
2
Let q be 132/(-308)*21/(-1). Calculate the highest common factor of q and 1053.
9
Let x(p) = -56*p - 3008. Let g be x(-54). What is the greatest common factor of 3752 and g?
8
Let b = -31370 - -31394. Let y = 136 - 4. Calculate the highest common divisor of y and b.
12
Let c = -21669 + 21948. Calculate the highest common factor of c and 31527.
279
Let q be (-9 + 3 + 912/(-18))*(-9)/2. Calculate the greatest common divisor of 105 and q.
15
Let i(f) = -f**2 + 5*f + 16. Let n be i(7